ommon divisor of 63 and o?
9
Let a be (19/(-4))/((-2)/8). Calculate the greatest common factor of a and 19.
19
Suppose -120 = -u - 2*u. Let k = 19 - 14. Calculate the highest common divisor of u and k.
5
Let a(g) = 6*g**2 + 4*g - 9. Let x be a(-7). Let c = x + -179. Let n be (-518)/(-10) - (-3)/15. What is the highest common divisor of n and c?
26
Let o(g) = -2*g - 5. Let s be o(-5). Let d be -1*1*5/s. Let p be 0 - -7*(d + 2). Calculate the greatest common divisor of p and 56.
7
Let h(c) = -4*c - 14. Let t be h(-4). What is the highest common divisor of 4 and t?
2
Let a(f) = -f + 11. Let m be a(0). Let b = m + -5. Let v be (-3)/(-2) - (-3)/b. Calculate the highest common divisor of v and 8.
2
Let p(k) = k**3 + 6*k**2 + 3*k - 1. Let j be p(-3). What is the highest common divisor of j and 51?
17
Let l be (-6)/(-10) + (-5)/(25/(-2)). Calculate the greatest common divisor of l and 4.
1
Let x = 10 - 30. Let u be x/(-2) + (-8 - -6). What is the greatest common divisor of u and 8?
8
Let q be 8*(5 - (5 - 2)). What is the highest common factor of q and 64?
16
Suppose -9*w = -3*w - 90. Calculate the highest common divisor of 3 and w.
3
Let z = -5 - -7. Suppose z*l = -0*l - d + 10, -l - 4*d = 9. Calculate the greatest common factor of l and 56.
7
Let i(z) = -z**3 + 8*z**2 - 2*z - 6. Let v be i(7). Suppose 6*f + 13 = 2*c + f, 0 = 3*c + 2*f - v. Calculate the highest common factor of 45 and c.
9
Suppose 0 = 4*p + 5*m - 0*m - 12, 2*p - 6 = 4*m. Let n be (5/p)/((-1)/(-6)). Calculate the highest common factor of n and 20.
10
Let z be 9/18*4*2. Suppose -6*k + 128 = -k + 3*a, 0 = a + 4. What is the greatest common factor of k and z?
4
Let r = -129 - -216. What is the highest common divisor of r and 29?
29
Suppose -5 = v - 10. Calculate the highest common factor of 55 and v.
5
Let x = -35 + 94. Let i = -35 + x. Calculate the greatest common divisor of 4 and i.
4
Suppose 0 = -3*p - 3*q - 57, 4*p + 117 = 2*q + 41. Let l = p + 31. Suppose 2*y - 9 = 3. What is the greatest common factor of y and l?
6
Let c = -109 - -115. What is the highest common divisor of 3 and c?
3
Let o(f) = 6*f**2 - 2*f + 1. Let s be o(1). Suppose 0 = -s*t - 0*t, 5*q = 4*t + 25. What is the highest common factor of q and 5?
5
Let h(z) = z**2 - 6*z - 11. Let y be h(8). Let b = -14 + 16. What is the greatest common factor of y and b?
1
Let m(j) = -4*j. Let u be m(-3). Let l be -2 + 3 + 1 - 0. Suppose -2*g + 2*z + 4 + l = 0, 0 = 4*g - 5*z - 9. Calculate the highest common divisor of u and g.
6
Let i = 42 - 23. Suppose g + 3*j + 9 - 33 = 0, -g = 2*j - i. Calculate the highest common factor of g and 1.
1
Suppose -5*t + 19 = -6. Suppose -w + 1 + 4 = 0. Let z be t/(-2)*(-2)/w. Calculate the highest common divisor of 9 and z.
1
Let a be -4*(0 - 7/2). Let q = -8 + 10. Let c be 6/2 + 8/q. Calculate the greatest common factor of c and a.
7
Let q = 4 + 3. Let u(s) = -s**3 + 9*s**2 - 7*s + 7. Let j be u(7). What is the highest common factor of q and j?
7
Let v(d) = -d**3 + 8*d**2 - 2*d - 10. Let b be v(7). Let i = -2 - -4. Suppose 0 = -t + 3 + i. What is the highest common divisor of t and b?
5
Let v = -15 - -15. Suppose r + 0 - 17 = -2*s, r - s - 23 = v. Calculate the highest common factor of r and 7.
7
Let z(i) = i**3 + 7*i**2 + 6*i + 6. Let x be z(-6). Calculate the greatest common factor of x and 54.
6
Let y(w) = -w**2 - 14*w + 11. Let x be y(-13). Let c be (-6)/27*3*-3. Let b be (c - (6 - -2))*-2. Calculate the highest common divisor of b and x.
12
Suppose -84 = 6*x - 2*x - 4*t, 0 = -4*x - 5*t - 57. Let z = x + 26. What is the greatest common divisor of z and 20?
4
Let y = -3 - -2. Let h(q) be the second derivative of -5*q**3/6 + q**2/2 + q. Let r be h(y). Calculate the highest common factor of r and 66.
6
Suppose 0 = 3*s + f + 2*f - 246, 3*f = -5*s + 408. Let r = 196 - s. Calculate the greatest common factor of 46 and r.
23
Suppose 5*a = a + 5*u + 19, -2*a - 1 = u. Let g be -4*-2*2/16. What is the greatest common factor of a and g?
1
Suppose -5*v + v = -44. Calculate the greatest common divisor of 33 and v.
11
Let c be 3 - (-3 - -3 - -11). Let w = -8 - c. Suppose w = -0*f + 4*f - 40. Calculate the greatest common divisor of f and 4.
2
Suppose t = 6 + 2. Let h be (7 + 3)*(-1 - (-14)/10). Calculate the greatest common divisor of h and t.
4
Let q = -124 - -149. What is the highest common factor of q and 375?
25
Suppose 3*d - 5*c = -d + 26, 2*c = 4*d - 32. Let p(g) = g**3 + 7*g**2 + 6*g + 3. Let q be p(-4). What is the highest common factor of d and q?
9
Let k be 13*(1/(-1) - -2). Suppose -f = 3*f - 468. What is the greatest common factor of f and k?
13
Let x = -30 + 18. Let w be (3/(x/76))/(-1). Calculate the greatest common divisor of w and 209.
19
Let d be -1 + (120/(0 - 3))/(-1). Calculate the highest common divisor of d and 26.
13
Let y = -1 - 0. Let q be (-1)/((y/(-28))/(-1)). Calculate the highest common divisor of 70 and q.
14
Let s = 151 - 129. Calculate the highest common factor of 154 and s.
22
Suppose 4*r + r - 175 = 0. Suppose -37 = -3*o + r. What is the greatest common factor of o and 12?
12
Let x(n) = -5*n - 2. Let j be x(-6). Suppose 0 = 2*k + k - 12. What is the highest common factor of k and j?
4
Let l be (-392)/(-12) + 1/3. Let x be (-6)/l + (-46)/(-11). Suppose -x*w = 32 - 88. Calculate the highest common divisor of w and 70.
14
Let z be 220*(-1 - 9/(-6)). Suppose o = 3*o - z. What is the greatest common factor of 22 and o?
11
Suppose -37*i = -40*i + 288. Calculate the greatest common factor of 32 and i.
32
Suppose 2*l = -6 + 60. Suppose -4*w = 4*o, -l = -5*o + 4*w - 9. Suppose -o*i = -4*j + 34, -j - 3*i - 9 = -0*i. What is the highest common divisor of j and 24?
6
Let d = 146 - 130. Calculate the greatest common factor of d and 208.
16
Let y = 94 - 6. Let b = -44 + 68. Let m = b - 13. What is the greatest common divisor of y and m?
11
Let k be 127/(3/(3 - 6)). Let t be -1 - 2 - k - -2. Calculate the highest common divisor of 14 and t.
14
Suppose 142 = -4*h + 182. What is the highest common divisor of h and 50?
10
Suppose 4*b = -2*w + 16, 3*b = -3*w - w + 57. Let s = 130 - 76. What is the highest common factor of w and s?
18
Suppose 12 - 3 = o. Let y be o + -10 + 12 + 1. What is the highest common factor of y and 72?
12
Let k be (-1)/(-3) + 340/6 + -1. Calculate the highest common factor of 84 and k.
28
Let c(p) = p - 12. Let n be c(9). Let q = -2 + n. Let v be ((-45)/(-6))/q*-2. What is the highest common factor of v and 18?
3
Suppose 3*r - 37 = -4*x + 4*r, r + 1 = 0. Let w be -5*(-4)/((-8)/30). Let f be 6/9 - w/x. What is the highest common divisor of f and 3?
3
Suppose -2*i - 60 = -7*i. Let m(r) = 27*r**2 - 8*r**2 + 2*r**2. Let l be m(-2). Calculate the highest common factor of i and l.
12
Let y = 14 + 28. Calculate the greatest common factor of 14 and y.
14
Let r be (18/5 - 2)/(5/125). What is the greatest common divisor of 8 and r?
8
Suppose 2*z - 10 = -0*z. Let g(c) be the third derivative of -c**4/24 + 7*c**3/6 + c**2. Let r be g(z). What is the highest common divisor of 8 and r?
2
Let a = 10 - 8. Suppose 2*h = -2*g + 28, -h + 4*g = a*g - 14. What is the highest common divisor of h and 42?
14
Let k(c) = c**3 - 3*c**2 - 2*c - 5. Let j be k(4). What is the highest common factor of 75 and j?
3
Let w(t) be the first derivative of 12*t**2 - 8*t + 2. Let q be w(4). What is the highest common divisor of 8 and q?
8
Let j be (-4 + 54 + 6)/1. What is the greatest common divisor of 42 and j?
14
Suppose -3*f = -2*j - 193, -2*f + 4*j + 0*j + 134 = 0. What is the greatest common factor of f and 7?
7
Let o be 55/(3/36*4). What is the greatest common divisor of 15 and o?
15
Let r = -5 - -10. Suppose 7 - 32 = -r*t. Let q = -126 - -128. What is the greatest common factor of q and t?
1
Let l be 5/20 + 598/8. Calculate the greatest common divisor of 15 and l.
15
Let w(s) = -2*s + 29. Let d be w(-8). Calculate the highest common factor of d and 15.
15
Let h(y) = y**3 - 7*y**2 + 7*y + 2. Let r be h(6). Let f be ((-4)/(-8))/((-2)/(-8)). What is the greatest common divisor of f and r?
2
Let c be (19/(-2))/(3/(-66)). Suppose -5*a + c = 29. What is the highest common factor of 18 and a?
18
Let y(r) = r**2 + 4*r - 6. Let t be y(-6). Suppose t*i - 41 = -2*v + i, -4*v + 22 = -2*i. Let p = -1 + 5. Calc